at is the highest common divisor of 223016002 and 242?
22
Calculate the highest common divisor of 2363 and 1488551.
139
Calculate the greatest common factor of 10260 and 796905.
135
Calculate the greatest common factor of 1574089 and 77.
11
Calculate the highest common factor of 1174250 and 455.
35
What is the highest common divisor of 620103 and 6969?
69
What is the greatest common divisor of 27731 and 9141?
11
Calculate the highest common divisor of 553550 and 71050.
50
What is the greatest common divisor of 1058690 and 18760?
10
What is the greatest common divisor of 160 and 329079520?
160
What is the highest common divisor of 757413495 and 3145?
3145
Calculate the highest common divisor of 273 and 3048591.
273
Calculate the highest common divisor of 28556 and 198478478.
14278
What is the greatest common divisor of 13137 and 291581?
151
Calculate the highest common divisor of 65193543 and 38337.
2949
Calculate the greatest common divisor of 330 and 114300285.
165
What is the highest common factor of 73773903 and 19665?
1311
What is the greatest common divisor of 1907472 and 882?
294
What is the greatest common divisor of 4337680 and 880?
80
What is the greatest common factor of 842 and 6644?
2
What is the highest common divisor of 292 and 26604923?
73
Calculate the highest common divisor of 1652 and 7215818.
118
What is the greatest common divisor of 1740984 and 126?
42
What is the highest common factor of 713 and 13361527?
31
Calculate the greatest common divisor of 13360 and 49265835.
835
What is the highest common factor of 9301430 and 2?
2
Calculate the highest common factor of 15192638 and 654.
218
Calculate the greatest common divisor of 2289556 and 1524.
508
What is the greatest common divisor of 172 and 26456266?
86
What is the highest common divisor of 373075 and 4225?
25
Calculate the greatest common divisor of 9512433 and 273.
21
What is the highest common divisor of 6864358 and 7714?
1102
Calculate the greatest common divisor of 303840 and 637920.
1440
What is the highest common factor of 50095 and 1262161?
233
Calculate the greatest common divisor of 351547 and 203.
7
What is the highest common divisor of 4782426 and 58278?
66
What is the highest common factor of 115 and 307490749?
23
Calculate the greatest common factor of 102529763 and 35.
7
What is the highest common factor of 2458404 and 34917?
309
What is the greatest common divisor of 817375 and 39?
13
Calculate the highest common factor of 352 and 4554286.
22
Calculate the highest common factor of 27285309 and 243.
27
What is the greatest common divisor of 34 and 393345286?
34
Calculate the greatest common factor of 3058 and 271238.
22
Calculate the highest common factor of 1462 and 198789.
43
Calculate the highest common divisor of 8738 and 376944213.
4369
Calculate the greatest common factor of 6152107 and 11323.
169
Calculate the highest common factor of 106482 and 1440.
6
Calculate the highest common divisor of 1824 and 665936016.
912
Calculate the highest common divisor of 2574 and 2182986.
234
Calculate the greatest common factor of 108896 and 33864.
664
Calculate the highest common factor of 464712 and 2357373.
867
Calculate the greatest common factor of 18538 and 4387864.
806
Calculate the greatest common divisor of 63063 and 14651.
637
Calculate the highest common factor of 2867936 and 890.
178
Calculate the highest common factor of 1736 and 94690988.
868
What is the highest common factor of 2437192 and 73231?
67
Calculate the greatest common factor of 55601 and 74711.
91
Calculate the greatest common divisor of 308 and 632346330.
154
What is the greatest common factor of 7482120 and 2280?
120
What is the highest common factor of 1029625 and 14500?
125
Calculate the highest common factor of 3240811 and 5453.
133
What is the highest common divisor of 41471454 and 18210?
3642
Calculate the greatest common factor of 237 and 47539672.
79
Calculate the greatest common factor of 5678 and 954074.
34
What is the highest common factor of 260 and 148734000?
20
Calculate the highest common factor of 43205261 and 253.
11
Calculate the highest common factor of 1065379 and 77.
7
What is the greatest common factor of 1209037 and 608829?
233
Calculate the highest common factor of 1004300 and 22576.
332
Calculate the highest common divisor of 235898 and 104624.
26
Calculate the greatest common divisor of 265436 and 338.
2
Calculate the highest common divisor of 383340 and 28.
4
Calculate the highest common divisor of 2935440 and 11016.
648
What is the greatest common divisor of 90054 and 246?
6
What is the highest common divisor of 108 and 133143324?
12
Calculate the highest common divisor of 56 and 42916916.
28
What is the highest common factor of 28183832 and 94?
94
Calculate the highest common divisor of 13 and 161480917.
13
Calculate the greatest common divisor of 22067759 and 399.
133
Calculate the greatest common factor of 3119040 and 945216.
1728
Calculate the greatest common factor of 28969044 and 780.
156
What is the greatest common divisor of 20792937 and 66?
33
What is the highest common divisor of 1969 and 444884?
11
What is the greatest common divisor of 1860 and 201277420?
620
Calculate the greatest common divisor of 59760904 and 42.
14
What is the greatest common divisor of 270038 and 14?
2
What is the greatest common divisor of 216900831 and 812?
203
Calculate the greatest common divisor of 894021 and 25863.
699
What is the highest common factor of 59368 and 41492?
164
Calculate the greatest common divisor of 88838330 and 140.
70
What is the greatest common factor of 143862 and 3462?
6
What is the greatest common factor of 23436 and 158100?
372
What is the greatest common factor of 35682 and 1283613?
939
Calculate the highest common divisor of 358004337 and 47523.
6789
What is the highest common divisor of 1745244468 and 13851?
4617
Calculate the highest common divisor of 180 and 22292240.
20
What is the highest common divisor of 15713089 and 21?
7
Calculate the greatest common factor of 169 and 1002807.
13
What is the greatest common divisor of 103018 and 9272?
38
What is the greatest common divisor of 2190634 and 16?
2
Calculate the greatest common factor of 20202070 and 3438.
382
What is the highest common divisor of 12715728 and 544?
272
Calculate the greatest common divisor of 2833433 and 6948.
193
What is the greatest common divisor of 936 and 37797136?
104
What is the highest common divisor of 2278 and 4223684?
34
Calculate the greatest common factor of 276661 and 44.
11
Calculate the highest common divisor of 1630912 and 3104.
32
What is the highest common factor of 2672 and 416999?
167
Calculate the highest common factor of 357887628 and 8496.
2124
Calculate the greatest common divisor of 160 and 1470848.
32
Calculate the highest common divisor of 58929597 and 18.
9
What is the greatest common divisor of 101379 and 2942867?
719
Calculate the highest common divisor of 98650 and 8475.
25
Calculate the highest common factor of 93855420 and 91935.
10215
Calculate the greatest common divisor of 5365 and 2107430.
145
Calculate the greatest common factor of 36363804 and 48.
12
Calculate the highest common divisor of 12 and 14715372.
12
What is the greatest common divisor of 145867 and 211837?
733
Calculate the greatest common divisor of 200486 and 57772.
286
Calculate the highest common factor of 70117777 and 874.
23
Calculate the greatest common factor of 3372 and 246064956.
3372
Calculate the highest common factor of 10386691 and 7.
7
What is the highest common divisor of 668 and 3312278?
334
What is the greatest common factor of 48 and 1851186?
6
What is the greatest common divisor of 20070 and 447030?
90
Calculate the greatest common divisor of 16507 and 61733267.
971
What is the greatest common factor of 25 and 1600870475?
25
Calculate the greatest common factor of 69703900 and 5950.
350
What is the greatest common divisor of 715570297 and 13?
13
Calculate the greatest common divisor of 1872 and 1315197.
117
What is the greatest common divisor of 1596 and 19406828?
532
What is the highest common factor of 462 and 3313863?
21
Calculate the greatest common divisor of 1515 and 11172115.
505
What is the highest common divisor of 696 and 46888824?
696
What